e remainder when z(3) is divided by 20/8*18/a.
0
Let n = -984 - -979. Let a(m) = -3*m + 20. Let z(p) = -10*p + 59. Let i(l) = -11*a(l) + 4*z(l). What is the remainder when i(n) is divided by 26?
25
Let h(r) = 1687*r - 7588. What is the remainder when h(7) is divided by 16?
13
Let l(a) = 25 - 79*a + 169*a - 88*a. What is the remainder when 27 is divided by l(-5)?
12
Let m = -2718 + 2752. What is the remainder when 575 is divided by m?
31
Suppose 2*s - 119 = -b, 3*s - 4*b - 198 = b. What is the remainder when s is divided by 32 + (-56)/(-7) + -11?
3
Calculate the remainder when 402 is divided by 99/(-2)*1122/(-1683).
6
Let f = 57 + -53. Suppose o - 4*o = -x + 14, 5*x = f*o + 81. What is the remainder when 19 is divided by x?
2
Suppose -4*b = p - 22, -5*p + 8*b + 34 = 9*b. Let u(r) = -r**3 + 3*r**2 + 20*r + 2. Calculate the remainder when 52 is divided by u(p).
10
Let g(s) = -s**3 + 11*s**2 + 18. Let v = -670 + 696. Calculate the remainder when g(9) is divided by v.
24
Let u = -43 + 60. Let m = 43754 - 43727. What is the remainder when m is divided by u?
10
Let t(u) = u**3 + 9*u**2 + 2*u - 11. Let i(f) = 13*f**2 - 5*f + 7. Let r be i(5). Suppose -13*y + r = 60. What is the remainder when t(-8) is divided by y?
18
Let f(y) = -y**3 + 7*y**2 - 3*y + 71. Let i be f(8). Let w = -87 - -181. Calculate the remainder when w is divided by (-340)/i - (0 - 1).
10
Let s(l) = -2*l**3 + 2*l**2 + 2*l + 5. Let z = -142 - -160. What is the remainder when z is divided by s(2)?
0
Suppose 0 = x + 3*l + 1, -2*x = -5*l - 22 + 2. Suppose 0 = 5*r + 4*v - 57, -12 = 2*r - 5*r + x*v. What is the remainder when 213 is divided by r?
6
Suppose 2*c + 306 = -234. Let o = c - -274. Let d = -2 - -3. Calculate the remainder when o is divided by d.
0
Suppose 30*n + 63*n = 10230. Suppose 7*q - 57 = 6*q. Calculate the remainder when n is divided by q.
53
What is the remainder when 6/(-4) - (406/10)/((-22)/55) is divided by 42?
16
Let p(i) = -5*i + 13*i**3 - i**3 - 11*i**3 - 2. Let m(r) = 42*r**2 + r - 3. What is the remainder when m(2) is divided by p(4)?
41
Suppose -z + 3 = -5. Suppose -z*a + 9*a - 4 = 0. What is the remainder when (174/(-8))/((-1)/a) is divided by 30?
27
Let y be 40/12*117/2. Suppose 4*q = y + 245. Let n = 3134 - 3118. Calculate the remainder when q is divided by n.
14
Suppose 0 = -24*i - 0*i + 593 + 271. Calculate the remainder when 395 is divided by i.
35
Suppose -5*k + 10*k = 25, 2*k + 3548 = 3*p. Calculate the remainder when p is divided by 11.
9
Suppose 5*m - 2920 = -2*z + 8*m, 5*z - 7279 = 4*m. Calculate the remainder when z is divided by 22.
21
Let v be (-16)/(-12)*(1 + 2). Suppose -85 = -l + f, -v*l + 162 = -f - 184. Calculate the remainder when l is divided by 44.
43
Suppose -5*c + 7*k = 5*k - 79, -71 = -4*c - k. Suppose 0 = -21*b + c*b + 44. Let o = 39 - -24. What is the remainder when o is divided by b?
8
Let h = 375 - 319. Suppose -2*m + 3*m = -g + 21, 59 = 3*m - g. Calculate the remainder when h is divided by m.
16
Suppose 19*g + 2*g = -11*g + 4832. What is the remainder when g is divided by 43?
22
Let m(l) = -l**2 + 68*l + 681. Calculate the remainder when m(74) is divided by 226.
11
Suppose 7*i - 6*i - 5*t = 579, -4*i + 2298 = -2*t. Calculate the remainder when i is divided by 140.
14
Suppose 0 = -g - 4*c + 275, -3*c = 503*g - 504*g + 282. What is the remainder when g is divided by 85?
24
Suppose -5*u - 5 = 0, q - 3*u - 14 = 9. Suppose 409*z = 428*z - 6023. What is the remainder when z is divided by q?
17
Let m(o) = -o + 262. Calculate the remainder when m(4) is divided by 84.
6
Let a(l) = l**2 - 3*l + 1. Let p(j) = -j**2 + 2*j - 1. Let r(s) = 5*a(s) + 4*p(s). Suppose -3*h + 35 = 2*h. Calculate the remainder when 3 is divided by r(h).
0
Suppose -21*x + 14*x = 0. Suppose x = -10*a - 413 + 2223. What is the remainder when a is divided by 62?
57
Suppose y + 0*y + 5*f = 13, -5*y + 3*f + 65 = 0. Suppose 6*o - 81*v - 86 = -77*v, -o + 5 = -3*v. What is the remainder when o is divided by y?
4
Suppose 3*m + 9 = 0, -o + 0*m = 3*m - 25. Suppose 0 = -967*l + 961*l + 150. What is the remainder when (-71588)/(-1100) + (-2)/l is divided by o?
31
Suppose -29*h + 214 = 40. What is the remainder when 93 is divided by h?
3
Suppose -21450 = -580*o + 30*o. Calculate the remainder when 786 is divided by o.
6
Let h = 1333394 + -1333379. Let a(f) = -43*f + 1. Let r be a(-5). Suppose 4*t + 0 = r. What is the remainder when t is divided by h?
9
Let h = -514 + 519. Suppose -2*z - 1007 - 257 = -4*l, -h*l = 5*z - 1565. What is the remainder when l is divided by 64?
59
Let b be (11 + -10)/(2/4). Let s(g) = -g**3 + 4*g**2 - 2*g - 1. Let u be s(b). Suppose -39 = -u*d + 54. What is the remainder when d is divided by 11?
9
Suppose -5*a - 275 = -5*j, 9*j - 11*j - 5*a = -75. Suppose 2*r - 345 = -3*p + j, 2*r = -p + 133. Calculate the remainder when p is divided by 46.
39
Let b = -3613 - -4400. Calculate the remainder when b is divided by 18.
13
Suppose 7*m - 6012 = -2*y + 3*m, 9 = 3*m. Calculate the remainder when y is divided by 77.
74
Let k(m) = m**2 - 22*m + 2. Let n be (-2)/(-3)*(25 + 5)/1. Let o be k(n). What is the remainder when 59 is divided by (56/(-24))/(2 + o/18)?
17
What is the remainder when 12239 is divided by 49 + (-18009)/(-81) + (2/3)/1?
271
Suppose 192*t - 378 = 191*t. Calculate the remainder when (4 + 76/(-12))/((-6)/t) is divided by 10.
7
Suppose -321*m + 317*m - 260 = 0. What is the remainder when 123 is divided by ((7 - 11) + 5)/((-1)/m)?
58
Suppose -166 = -5*o + 134. Suppose -17*w = -10*w - 6*w - 32. Calculate the remainder when o is divided by w.
28
Suppose -d - 2*g = -51, -d + 22 = -4*g + 7. Calculate the remainder when 972 is divided by d.
36
Let v = 1316 - 1111. Calculate the remainder when v is divided by 73.
59
Suppose 2020*q = 2004*q + 5024. What is the remainder when q is divided by 19?
10
Suppose 35 = -y + 10. Let m(s) = 35*s**3 + 3*s**2 - 7*s + 3. Let f be m(1). Let l = y + f. Calculate the remainder when 32 is divided by l.
5
Suppose -5*z + 1120 = -2*s, 4*s = -68*z + 66*z + 424. Calculate the remainder when 749 is divided by z.
83
What is the remainder when 735 + 115*24/120 is divided by 8?
6
Let b(y) = 2*y**3 - 16*y**2 + 6. Suppose 2*w - 3*w + 3*n - 9 = 0, -4*w + 4*n = 68. Let x = -1 - w. What is the remainder when x is divided by b(8)?
2
Let n = 3106 + -3094. Calculate the remainder when 91 is divided by n.
7
Let d(h) = -2 + h**2 - 10*h - 6 - 4. What is the remainder when d(-11) is divided by 37?
34
Let j = -111 - -266. Suppose -354*p + 6241 = 1639. Calculate the remainder when j is divided by p.
12
Let q be 147/98 - (0 - 2/4). Suppose -2*a + 4*u = 44, -u = a - q*u + 19. Let m = -3 - a. Calculate the remainder when 34 is divided by m.
8
Let j(o) = -o**3 - 61*o**2 - 51*o + 594. What is the remainder when 1833 is divided by j(-60)?
51
Suppose -18*x + 17*x + 2 = 0, -x - 448 = -10*a. Calculate the remainder when 2604 is divided by a.
39
Let z(m) = -6*m + 57. Let c(u) = -6*u + 59. Let a(p) = 2*c(p) - 3*z(p). What is the remainder when a(28) is divided by 25?
15
Let l(c) = -c**2 + 6*c + 14. Let d(y) = y**3 + 21*y**2 + 36*y - 33. Let a be d(-19). Calculate the remainder when 246 is divided by l(a).
18
What is the remainder when 8/(-5) + 23/(1495/67704) is divided by 68?
20
Suppose 5*o - 2*u = 2*o + 1452, 2*o = -5*u + 987. Suppose 4*q - 130 = 5*h, 0 = 1143*q - 1144*q - 4*h + 43. What is the remainder when o is divided by q?
31
Let w(r) = -15*r + 4. Suppose 11*t + 42 = -57. Let l be w(t). Suppose u + 127 = l. What is the remainder when 35 is divided by u?
11
Suppose -80 = -5*d - 30. Suppose -2*r + 4*r = -4*g + 22, 5*r = 3*g - d. Suppose -g = -5*t - p + 19, -2*p = -8. What is the remainder when 11 is divided by t?
3
Let x(k) = 14867*k + 85. What is the remainder when x(2) is divided by 31?
28
Let q(u) = 76*u - 5000. Calculate the remainder when 4845 is divided by q(66).
13
Let n = -4087 - -4181. What is the remainder when n is divided by 29?
7
Let o be 10/15 + (-98)/3. Let b = o - -35. What is the remainder when 13 is divided by (32/12 + 0)*b - 1?
6
Let f = -58 + 132. Let v(y) = 67*y + 294. Calculate the remainder when f is divided by v(-4).
22
Suppose 0 = -31*l - 18*l + 4301 + 2706. What is the remainder when 447 is divided by l?
18
Let s(n) = 1306*n + 61